 a multiple of 6?
True
Does 38 divide 30229?
False
Does 34 divide 34?
True
Is 311 a factor of 13487?
False
Does 8 divide 8514?
False
Does 4 divide 19073?
False
Is 111264 a multiple of 12?
True
Does 77 divide 331?
False
Is 1248 a multiple of 18?
False
Does 20 divide 3805?
False
Is 2568 a multiple of 34?
False
Does 27 divide 20088?
True
Is 17 a factor of 115?
False
Is 95 a factor of 160707?
False
Is 1269 a multiple of 27?
True
Is 79 a factor of 38644?
False
Does 16 divide 1268?
False
Is 13 a factor of 309?
False
Is 3129 a multiple of 73?
False
Does 16 divide 13685?
False
Does 19 divide 988?
True
Does 30 divide 11070?
True
Is 614 a multiple of 16?
False
Is 32 a factor of 450?
False
Does 15 divide 795?
True
Does 4 divide 408?
True
Is 31 a factor of 527?
True
Is 31165 a multiple of 5?
True
Is 39240 a multiple of 15?
True
Is 14 a factor of 1486?
False
Is 10 a factor of 3849?
False
Is 13 a factor of 34564?
False
Is 1710 a multiple of 10?
True
Is 22 a factor of 300?
False
Does 135 divide 12382?
False
Is 77445 a multiple of 122?
False
Does 20 divide 81?
False
Is 13 a factor of 1729?
True
Is 102 a multiple of 6?
True
Does 38 divide 3535?
False
Is 9 a factor of 19364?
False
Is 12 a factor of 84?
True
Does 299 divide 47242?
True
Is 13 a factor of 3796?
True
Does 29 divide 693?
False
Is 11 a factor of 264?
True
Does 12 divide 301?
False
Does 305 divide 59780?
True
Does 27 divide 972?
True
Is 107 a factor of 30200?
False
Is 10 a factor of 27470?
True
Is 341 a multiple of 2?
False
Is 2204 a multiple of 76?
True
Does 3 divide 31815?
True
Does 18 divide 3078?
True
Is 6 a factor of 80?
False
Does 108 divide 9747?
False
Is 424 a multiple of 47?
False
Is 28 a factor of 868?
True
Is 80358 a multiple of 118?
True
Is 32 a factor of 42188?
False
Is 484 a multiple of 4?
True
Does 24 divide 25248?
True
Does 5 divide 9810?
True
Does 18 divide 47034?
True
Is 36 a factor of 331?
False
Is 12 a factor of 10332?
True
Does 4 divide 255?
False
Is 121 a factor of 11361?
False
Does 2 divide 3?
False
Is 17 a factor of 6539?
False
Is 399 a multiple of 149?
False
Does 35 divide 945?
True
Is 4222 a multiple of 24?
False
Is 1425 a multiple of 25?
True
Does 15 divide 34651?
False
Is 15 a factor of 450?
True
Is 164 a factor of 7708?
True
Is 141 a factor of 63464?
False
Is 176 a multiple of 16?
True
Is 3636 a multiple of 4?
True
Does 59 divide 242?
False
Is 12 a factor of 3220?
False
Does 59 divide 59?
True
Does 17 divide 17300?
False
Is 190 a factor of 5320?
True
Is 814 a multiple of 23?
False
Is 6094 a multiple of 11?
True
Does 16 divide 1664?
True
Is 9 a factor of 8757?
True
Is 19621 a multiple of 7?
True
Is 38 a factor of 50426?
True
Does 105 divide 4155?
False
Does 29 divide 8303?
False
Is 74 a multiple of 14?
False
Does 63 divide 15372?
True
Is 20 a factor of 7785?
False
Is 8659 a multiple of 7?
True
Is 27 a factor of 852?
False
Is 3706 a multiple of 109?
True
Does 23 divide 15629?
False
Does 31 divide 664?
False
Is 111 a factor of 43165?
False
Is 53 a multiple of 18?
False
Is 3149 a multiple of 47?
True
Is 94 a factor of 12126?
True
Is 140 a multiple of 53?
False
Is 28 a factor of 5976?
False
Is 10 a factor of 770?
True
Is 32 a factor of 3621?
False
Does 94 divide 1035?
False
Is 2530 a multiple of 115?
True
Is 5 a factor of 165?
True
Is 9543 even?
False
Does 29 divide 15196?
True
Is 7798 a multiple of 28?
False
Is 115 a factor of 10891?
False
Does 34 divide 6913?
False
Is 220 a multiple of 4?
True
Does 16 divide 576?
True
Does 29 divide 812?
True
Is 10 a factor of 803?
False
Is 19734 a multiple of 138?
True
Is 2760 a multiple of 138?
True
Is 12 a factor of 1697?
False
Is 1273 a multiple of 77?
False
Is 38 a factor of 456?
True
Does 14 divide 3001?
False
Is 9 a factor of 1574?
False
Is 73248 a multiple of 42?
True
Is 5184 a multiple of 94?
False
Is 28952 a multiple of 88?
True
Is 11 a factor of 4650?
False
Does 12 divide 72?
True
Is 256 a factor of 2816?
True
Is 11 a factor of 715?
True
Does 18 divide 1404?
True
Does 7 divide 112?
True
Is 28421 a multiple of 24?
False
Is 1900 a multiple of 10?
True
Is 7 a factor of 35926?
False
Does 309 divide 35963?
False
Is 379 a multiple of 44?
False
Is 459 a multiple of 17?
True
Is 5 a factor of 18485?
True
Is 13755 a multiple of 15?
True
Is 2 a factor of 635?
False
Does 5 divide 5320?
True
Is 3215 a multiple of 6?
False
Is 213 a factor of 57510?
True
Is 26 a factor of 2444?
True
Does 8 divide 5616?
True
Is 3019 a multiple of 7?
False
Is 49 a factor of 1372?
True
Is 44 a factor of 4488?
True
Does 95 divide 190?
True
Is 9 a factor of 445?
False
Is 29 a factor of 609?
True
Does 35 divide 734?
False
Is 30 a factor of 2400?
True
Does 47 divide 4320?
False
Is 27 a factor of 702?
True
Does 8 divide 24?
True
Is 1176 a multiple of 4?
True
Does 23 divide 536?
False
Is 15 a factor of 190?
False
Is 3000 a multiple of 20?
True
Is 793 a multiple of 13?
True
Is 574 even?
True
Does 130 divide 6411?
False
Is 94 a multiple of 27?
False
Is 49982 a multiple of 134?
True
Does 10 divide 1851?
False
Is 216 a factor of 45360?
True
Is 1993 a multiple of 100?
False
Is 67879 a multiple of 10?
False
Is 750 a multiple of 25?
True
Is 9 a factor of 15013?
False
Is 840 a multiple of 35?
True
Is 44 a multiple of 44?
True
Does 10 divide 570?
True
Is 19410 a multiple of 5?
True
Is 42946 a multiple of 23?
False
Is 64 a factor of 737?
False
Does 12 divide 1236?
True
Is 13 a factor of 3942?
False
Is 550 a multiple of 16?
False
Does 4 divide 8156?
True
Is 1187 a multiple of 63?
False
Is 1465 a multiple of 11?
False
Is 15 a factor of 255?
True
Is 9 a factor of 333?
True
Does 44 divide 47053?
False
Is 822 a multiple of 10?
False
Is 339 a factor of 29009?
False
Is 8362 a multiple of 113?
True
Is 27 a factor of 8451?
True
Does 29 divide 870?
True
Is 66 a factor of 3178?
False
Does 52 divide 13904?
False
Is 2279 a multiple of 43?
True
Is 7 a factor of 13048?
True
Is 11048 a multiple of 13?
False
Does 12 divide 30411?
False
Does 8 divide 64559?
False
Is 21208 a multiple of 22?
True
Does 40 divide 1280?
True
Does 93 divide 76446?
True
Does 14 divide 4546?
False
Is 3816 a multiple of 36?
True
Is 4466 a multiple of 3?
False
Is 610 a multiple of 121?
False
Does 41 divide 820?
True
Does 19 divide 627?
True
Does 87 divide 1740?
True
Does 7 divide 333?
False
Does 81 divide 15066?
True
Is 12 a factor of 973?
False
Is 4503 a multiple of 40?
False
Does 16 divide 167067?
False
Does 14 divide 3280?
False
Is 126896 a multiple of 320?
False
Does 32 divide 544?
True
Does 131 divide 5240?
True
Is 15209 a multiple of 64?
False
Does 6 divide 288?
True
Is 1256 a multiple of 30?
False
Is 8086 a multiple of 38?
False
Does 61 divide 28003?
False
Does 6 divide 210?
True
Is 70 a factor of 91075?
False
Is 2149 a multiple of 10?
False
Is 22 a factor of 5023?
False
Is 26620 a multiple of 44?
True
Does 4 divide 1217?
False
Does 105 divide 14310?
False
Is 29156 a multiple of 37?
True
Does 3 divide 3558?
True
Is 3158 a multiple of 6?
False
Is 199 a factor of 17009?
False
Is 85 a factor of 6035?
True
Does 13 divide 3261?
False
Is 2561 a multiple of 13?
True
Is 351 a multiple of 13?
True
Does 48 divide 2352?
True
Is 162 a multiple of 54?
True
Is 7 a factor of 91?
True
Is 39 a factor of 300?
False
Is 42 a factor of 5082?
True
Is 8200 a multiple of 20?
True
Is 19216 a multiple of 13?
False
Does 9 divide 1470?
False
Does 18 divide 96012?
True
Is 5 a factor of 2061?
False
Is 56 a factor of 919?
False
Does 14 divide 61788?
False
Is 1881 a multiple of 23?
False
Is 5 a factor of 825?
True
Is 77 a factor of 847?
True
Is 13 a factor of 1413?
False
Is 784 a multiple of 24?
False
Is 914 a multiple of 16?
False
Does 23 divide 2944?
True
Is 6693 a multiple of 6?
False
Is 2906 a multiple of 6?
False
Is 125 a factor of 2375?
True
Is 5163 a multiple of 158?
False
Is 555 a multiple of 111?
True
Does 7 divide 12005?
True
Is 42 a factor of 4242?
True
Is 1760 a multiple of 3?
False
Is 27 a factor of 23677?
False
Does 13 divide 1678?
False
Is 2274 a multiple of 15?
False
Is 113 a multiple of 2?
False
Is 401 a multiple of 12?
False
Does 126 divide 8680?
False
Does 53 divide 24539?
True
Is 17379 a multiple of 12?
False
Is 7 a factor of 60?
False
Is 24 a factor of 4062?
False
Does 93 divide 1606?
False
Is 409 a multiple of 27?
False
Is 